{"id":70,"date":"2015-03-03T10:39:34","date_gmt":"2015-03-03T10:39:34","guid":{"rendered":"http:\/\/amlabogados.com\/?page_id=70"},"modified":"2016-11-21T23:44:54","modified_gmt":"2016-11-21T23:44:54","slug":"politica-de-privacidad","status":"publish","type":"page","link":"https:\/\/amlabogados.com\/es\/politica-de-privacidad\/","title":{"rendered":"Pol\u00edtica de privacidad"},"content":{"rendered":"<p>Los datos recabados a trav\u00e9s de los formularios de recogida de datos del sitio web u otras v\u00edas ser\u00e1n incorporados a un fichero automatizado de datos de car\u00e1cter personal del cual es responsable <strong>AML\u00a0Abogados<\/strong>. Esta entidad tratar\u00e1 los datos de forma confidencial y exclusivamente con la finalidad de ofrecer los servicios solicitados, con todas las garant\u00edas legales y de seguridad que impone la Ley Org\u00e1nica 15\/1999, de 13 de diciembre, de Protecci\u00f3n de Datos de Car\u00e1cter Personal y la Ley 34\/2002, de 11 de julio, de servicios de la sociedad de la Informaci\u00f3n y Comercio Electr\u00f3nico.<\/p>\n<p><strong>AML Abogados <\/strong>se compromete a no ceder, vender, ni compartir los datos con terceros sin su aprobaci\u00f3n expresa. Asimismo, <strong>AML Abogados<\/strong><strong>\u00a0<\/strong>cancelar\u00e1 o rectificar\u00e1 los datos cuando resulten inexactos, incompletos o hayan dejado de ser necesarios o pertinentes para su finalidad, de conformidad con lo previsto en la Ley Org\u00e1nica 15\/1999, de 13 de diciembre, de Protecci\u00f3n de Datos de Car\u00e1cter Personal.<\/p>\n<p>El usuario podr\u00e1 revocar el consentimiento prestado y ejercer los derechos de acceso, rectificaci\u00f3n, cancelaci\u00f3n y oposici\u00f3n dirigi\u00e9ndose a tal efecto a la direcci\u00f3n del despacho o via email\u00a0identific\u00e1ndose debidamente e indicando de forma visible el concreto derecho que se ejerce.<\/p>\n<p><strong>AML Abogados <\/strong>adopta los niveles de seguridad correspondientes requeridos por la citada Ley Org\u00e1nica 15\/1999 y dem\u00e1s normativa aplicable. No obstante, <strong>AML Abogados<\/strong>\u00a0no asume ninguna responsabilidad por los da\u00f1os y perjuicios derivados de alteraciones que terceros pueden causar en los sistemas inform\u00e1ticos, documentos electr\u00f3nicos o ficheros del usuario.<\/p>\n<p><strong>AML Abogados <\/strong>podr\u00e1 utilizar cookies durante la prestaci\u00f3n de servicios del sitio web. Las cookies son ficheros f\u00edsicos de informaci\u00f3n personal alojados en el propio terminal del usuario. El usuario tiene la posibilidad de configurar su programa navegador de manera que se impida la creaci\u00f3n de archivos cookie o se advierta de la misma.<\/p>\n<p>Si opta a abandonar nuestro sitio web a trav\u00e9s de enlaces a sitios web no pertenecientes a nuestra entidad, <strong>AML Abogados<\/strong>\u00a0no se har\u00e1 responsable de las pol\u00edticas de privacidad de dichos sitios web ni de las cookies que \u00e9stos puedan almacenar en el ordenador del usuario.<\/p>\n<p>Nuestra pol\u00edtica con respecto al correo electr\u00f3nico se centra en remitir \u00fanicamente comunicaciones que usted haya solicitado recibir. Si prefiere no recibir estos mensajes por correo electr\u00f3nico le ofreceremos a trav\u00e9s de los mismos la posibilidad de ejercer su derecho de cancelaci\u00f3n y renuncia a la recepci\u00f3n de estos mensajes, en conformidad con lo dispuesto en el T\u00edtulo III, art\u00edculo 22 de la Ley 34\/2002 de servicios para la sociedad de la Informaci\u00f3n y de Comercio Electr\u00f3nico.<\/p>","protected":false},"excerpt":{"rendered":"<p>Los datos recabados a trav\u00e9s de los formularios de recogida de datos del sitio web u otras v\u00edas ser\u00e1n incorporados a un fichero automatizado de datos de car\u00e1cter personal del cual es responsable AML\u00a0Abogados. Esta entidad tratar\u00e1 los datos de forma confidencial y exclusivamente con la finalidad de ofrecer los servicios solicitados, con todas las &#8230; <a title=\"Pol\u00edtica de privacidad\" class=\"read-more\" href=\"https:\/\/amlabogados.com\/es\/politica-de-privacidad\/\" aria-label=\"Leer m\u00e1s sobre Pol\u00edtica de privacidad\">Leer m\u00e1s<\/a><\/p>\n","protected":false},"author":1,"featured_media":0,"parent":0,"menu_order":0,"comment_status":"closed","ping_status":"closed","template":"","meta":{"footnotes":""},"class_list":["post-70","page","type-page","status-publish"],"yoast_head":"<!-- This site is optimized with the Yoast SEO plugin v26.5 - https:\/\/yoast.com\/wordpress\/plugins\/seo\/ -->\n<title>Pol\u00edtica de privacidad - AML Abogados Barcelona - Despacho multidisciplinar en Barcelona<\/title>\n<meta name=\"robots\" content=\"index, follow, max-snippet:-1, max-image-preview:large, max-video-preview:-1\" \/>\n<link rel=\"canonical\" href=\"https:\/\/amlabogados.com\/es\/politica-de-privacidad\/\" \/>\n<meta property=\"og:locale\" content=\"es_ES\" \/>\n<meta property=\"og:type\" content=\"article\" \/>\n<meta property=\"og:title\" content=\"Pol\u00edtica de privacidad - AML Abogados Barcelona - Despacho multidisciplinar en Barcelona\" \/>\n<meta property=\"og:description\" content=\"Los datos recabados a trav\u00e9s de los formularios de recogida de datos del sitio web u otras v\u00edas ser\u00e1n incorporados a un fichero automatizado de datos de car\u00e1cter personal del cual es responsable AML\u00a0Abogados. Esta entidad tratar\u00e1 los datos de forma confidencial y exclusivamente con la finalidad de ofrecer los servicios solicitados, con todas las ... Leer m\u00e1s\" \/>\n<meta property=\"og:url\" content=\"https:\/\/amlabogados.com\/es\/politica-de-privacidad\/\" \/>\n<meta property=\"og:site_name\" content=\"AML Abogados Barcelona - Despacho multidisciplinar en Barcelona\" \/>\n<meta property=\"article:modified_time\" content=\"2016-11-21T23:44:54+00:00\" \/>\n<meta name=\"twitter:label1\" content=\"Tiempo de lectura\" \/>\n\t<meta name=\"twitter:data1\" content=\"7 minutos\" \/>\n<script type=\"application\/ld+json\" class=\"yoast-schema-graph\">{\"@context\":\"https:\/\/schema.org\",\"@graph\":[{\"@type\":\"WebPage\",\"@id\":\"https:\/\/amlabogados.com\/es\/politica-de-privacidad\/\",\"url\":\"https:\/\/amlabogados.com\/es\/politica-de-privacidad\/\",\"name\":\"Pol\u00edtica de privacidad - AML Abogados Barcelona - Despacho multidisciplinar en Barcelona\",\"isPartOf\":{\"@id\":\"https:\/\/amlabogados.com\/es\/#website\"},\"datePublished\":\"2015-03-03T10:39:34+00:00\",\"dateModified\":\"2016-11-21T23:44:54+00:00\",\"breadcrumb\":{\"@id\":\"https:\/\/amlabogados.com\/es\/politica-de-privacidad\/#breadcrumb\"},\"inLanguage\":\"es\",\"potentialAction\":[{\"@type\":\"ReadAction\",\"target\":[[\"https:\/\/amlabogados.com\/es\/politica-de-privacidad\/\"]]}]},{\"@type\":\"BreadcrumbList\",\"@id\":\"https:\/\/amlabogados.com\/es\/politica-de-privacidad\/#breadcrumb\",\"itemListElement\":[{\"@type\":\"ListItem\",\"position\":1,\"name\":\"Portada\",\"item\":\"https:\/\/amlabogados.com\/es\/\"},{\"@type\":\"ListItem\",\"position\":2,\"name\":\"Pol\u00edtica de privacidad\"}]},{\"@type\":\"WebSite\",\"@id\":\"https:\/\/amlabogados.com\/es\/#website\",\"url\":\"https:\/\/amlabogados.com\/es\/\",\"name\":\"AML Abogados Barcelona - Despacho multidisciplinar en Barcelona\",\"description\":\"Despacho abogados Barcelona\",\"publisher\":{\"@id\":\"https:\/\/amlabogados.com\/es\/#organization\"},\"potentialAction\":[{\"@type\":\"SearchAction\",\"target\":{\"@type\":\"EntryPoint\",\"urlTemplate\":\"https:\/\/amlabogados.com\/es\/?s={search_term_string}\"},\"query-input\":{\"@type\":\"PropertyValueSpecification\",\"valueRequired\":true,\"valueName\":\"search_term_string\"}}],\"inLanguage\":\"es\"},{\"@type\":\"Organization\",\"@id\":\"https:\/\/amlabogados.com\/es\/#organization\",\"name\":\"AML Abogados Barcelona - Despacho multidisciplinar en Barcelona\",\"url\":\"https:\/\/amlabogados.com\/es\/\",\"logo\":{\"@type\":\"ImageObject\",\"inLanguage\":\"es\",\"@id\":\"https:\/\/amlabogados.com\/es\/#\/schema\/logo\/image\/\",\"url\":\"https:\/\/amlabogados.com\/wp-content\/uploads\/2017\/12\/cropped-largo.jpg\",\"contentUrl\":\"https:\/\/amlabogados.com\/wp-content\/uploads\/2017\/12\/cropped-largo.jpg\",\"width\":500,\"height\":112,\"caption\":\"AML Abogados Barcelona - Despacho multidisciplinar en Barcelona\"},\"image\":{\"@id\":\"https:\/\/amlabogados.com\/es\/#\/schema\/logo\/image\/\"}}]}<\/script>\n<!-- \/ Yoast SEO plugin. -->","yoast_head_json":{"title":"Pol\u00edtica de privacidad - AML Abogados Barcelona - Despacho multidisciplinar en Barcelona","robots":{"index":"index","follow":"follow","max-snippet":"max-snippet:-1","max-image-preview":"max-image-preview:large","max-video-preview":"max-video-preview:-1"},"canonical":"https:\/\/amlabogados.com\/es\/politica-de-privacidad\/","og_locale":"es_ES","og_type":"article","og_title":"Pol\u00edtica de privacidad - AML Abogados Barcelona - Despacho multidisciplinar en Barcelona","og_description":"Los datos recabados a trav\u00e9s de los formularios de recogida de datos del sitio web u otras v\u00edas ser\u00e1n incorporados a un fichero automatizado de datos de car\u00e1cter personal del cual es responsable AML\u00a0Abogados. Esta entidad tratar\u00e1 los datos de forma confidencial y exclusivamente con la finalidad de ofrecer los servicios solicitados, con todas las ... Leer m\u00e1s","og_url":"https:\/\/amlabogados.com\/es\/politica-de-privacidad\/","og_site_name":"AML Abogados Barcelona - Despacho multidisciplinar en Barcelona","article_modified_time":"2016-11-21T23:44:54+00:00","twitter_misc":{"Tiempo de lectura":"7 minutos"},"schema":{"@context":"https:\/\/schema.org","@graph":[{"@type":"WebPage","@id":"https:\/\/amlabogados.com\/es\/politica-de-privacidad\/","url":"https:\/\/amlabogados.com\/es\/politica-de-privacidad\/","name":"Pol\u00edtica de privacidad - AML Abogados Barcelona - Despacho multidisciplinar en Barcelona","isPartOf":{"@id":"https:\/\/amlabogados.com\/es\/#website"},"datePublished":"2015-03-03T10:39:34+00:00","dateModified":"2016-11-21T23:44:54+00:00","breadcrumb":{"@id":"https:\/\/amlabogados.com\/es\/politica-de-privacidad\/#breadcrumb"},"inLanguage":"es","potentialAction":[{"@type":"ReadAction","target":[["https:\/\/amlabogados.com\/es\/politica-de-privacidad\/"]]}]},{"@type":"BreadcrumbList","@id":"https:\/\/amlabogados.com\/es\/politica-de-privacidad\/#breadcrumb","itemListElement":[{"@type":"ListItem","position":1,"name":"Portada","item":"https:\/\/amlabogados.com\/es\/"},{"@type":"ListItem","position":2,"name":"Pol\u00edtica de privacidad"}]},{"@type":"WebSite","@id":"https:\/\/amlabogados.com\/es\/#website","url":"https:\/\/amlabogados.com\/es\/","name":"AML Abogados Barcelona - Despacho multidisciplinar en Barcelona","description":"Despacho abogados Barcelona","publisher":{"@id":"https:\/\/amlabogados.com\/es\/#organization"},"potentialAction":[{"@type":"SearchAction","target":{"@type":"EntryPoint","urlTemplate":"https:\/\/amlabogados.com\/es\/?s={search_term_string}"},"query-input":{"@type":"PropertyValueSpecification","valueRequired":true,"valueName":"search_term_string"}}],"inLanguage":"es"},{"@type":"Organization","@id":"https:\/\/amlabogados.com\/es\/#organization","name":"AML Abogados Barcelona - Despacho multidisciplinar en Barcelona","url":"https:\/\/amlabogados.com\/es\/","logo":{"@type":"ImageObject","inLanguage":"es","@id":"https:\/\/amlabogados.com\/es\/#\/schema\/logo\/image\/","url":"https:\/\/amlabogados.com\/wp-content\/uploads\/2017\/12\/cropped-largo.jpg","contentUrl":"https:\/\/amlabogados.com\/wp-content\/uploads\/2017\/12\/cropped-largo.jpg","width":500,"height":112,"caption":"AML Abogados Barcelona - Despacho multidisciplinar en Barcelona"},"image":{"@id":"https:\/\/amlabogados.com\/es\/#\/schema\/logo\/image\/"}}]}},"_links":{"self":[{"href":"https:\/\/amlabogados.com\/es\/wp-json\/wp\/v2\/pages\/70","targetHints":{"allow":["GET"]}}],"collection":[{"href":"https:\/\/amlabogados.com\/es\/wp-json\/wp\/v2\/pages"}],"about":[{"href":"https:\/\/amlabogados.com\/es\/wp-json\/wp\/v2\/types\/page"}],"author":[{"embeddable":true,"href":"https:\/\/amlabogados.com\/es\/wp-json\/wp\/v2\/users\/1"}],"replies":[{"embeddable":true,"href":"https:\/\/amlabogados.com\/es\/wp-json\/wp\/v2\/comments?post=70"}],"version-history":[{"count":5,"href":"https:\/\/amlabogados.com\/es\/wp-json\/wp\/v2\/pages\/70\/revisions"}],"predecessor-version":[{"id":213,"href":"https:\/\/amlabogados.com\/es\/wp-json\/wp\/v2\/pages\/70\/revisions\/213"}],"wp:attachment":[{"href":"https:\/\/amlabogados.com\/es\/wp-json\/wp\/v2\/media?parent=70"}],"curies":[{"name":"wp","href":"https:\/\/api.w.org\/{rel}","templated":true}]}}

Política de privacidad

<p>Los datos recabados a través de los formularios de recogida de datos del sitio web u otras vías serán incorporados a un fichero automatizado de datos de carácter personal del cual es responsable <strong>AML Abogados</strong>. Esta entidad tratará los datos de forma confidencial y exclusivamente con la finalidad de ofrecer los servicios solicitados, con todas las garantías legales y de seguridad que impone la Ley Orgánica 15/1999, de 13 de diciembre, de Protección de Datos de Carácter Personal y la Ley 34/2002, de 11 de julio, de servicios de la sociedad de la Información y Comercio Electrónico.</p>
<p><strong>AML Abogados </strong>se compromete a no ceder, vender, ni compartir los datos con terceros sin su aprobación expresa. Asimismo, <strong>AML Abogados</strong><strong> </strong>cancelará o rectificará los datos cuando resulten inexactos, incompletos o hayan dejado de ser necesarios o pertinentes para su finalidad, de conformidad con lo previsto en la Ley Orgánica 15/1999, de 13 de diciembre, de Protección de Datos de Carácter Personal.</p>
<p>El usuario podrá revocar el consentimiento prestado y ejercer los derechos de acceso, rectificación, cancelación y oposición dirigiéndose a tal efecto a la dirección del despacho o via email identificándose debidamente e indicando de forma visible el concreto derecho que se ejerce.</p>
<p><strong>AML Abogados </strong>adopta los niveles de seguridad correspondientes requeridos por la citada Ley Orgánica 15/1999 y demás normativa aplicable. No obstante, <strong>AML Abogados</strong> no asume ninguna responsabilidad por los daños y perjuicios derivados de alteraciones que terceros pueden causar en los sistemas informáticos, documentos electrónicos o ficheros del usuario.</p>
<p><strong>AML Abogados </strong>podrá utilizar cookies durante la prestación de servicios del sitio web. Las cookies son ficheros físicos de información personal alojados en el propio terminal del usuario. El usuario tiene la posibilidad de configurar su programa navegador de manera que se impida la creación de archivos cookie o se advierta de la misma.</p>
<p>Si opta a abandonar nuestro sitio web a través de enlaces a sitios web no pertenecientes a nuestra entidad, <strong>AML Abogados</strong> no se hará responsable de las políticas de privacidad de dichos sitios web ni de las cookies que éstos puedan almacenar en el ordenador del usuario.</p>
<p>Nuestra política con respecto al correo electrónico se centra en remitir únicamente comunicaciones que usted haya solicitado recibir. Si prefiere no recibir estos mensajes por correo electrónico le ofreceremos a través de los mismos la posibilidad de ejercer su derecho de cancelación y renuncia a la recepción de estos mensajes, en conformidad con lo dispuesto en el Título III, artículo 22 de la Ley 34/2002 de servicios para la sociedad de la Información y de Comercio Electrónico.</p>

<p>Los datos recabados a través de los formularios de recogida de datos del sitio web u otras vías serán incorporados a un fichero automatizado de datos de carácter personal del cual es responsable AML Abogados. Esta entidad tratará los datos de forma confidencial y exclusivamente con la finalidad de ofrecer los servicios solicitados, con todas las &#8230; <a title="Política de privacidad" class="read-more" href="https://amlabogados.com/es/politica-de-privacidad/" aria-label="Leer más sobre Política de privacidad">Leer más</a></p>

<!-- This site is optimized with the Yoast SEO plugin v26.5 - https://yoast.com/wordpress/plugins/seo/ -->
<title>Política de privacidad - AML Abogados Barcelona - Despacho multidisciplinar en Barcelona</title>
<meta name="robots" content="index, follow, max-snippet:-1, max-image-preview:large, max-video-preview:-1" />
<link rel="canonical" href="https://amlabogados.com/es/politica-de-privacidad/" />
<meta property="og:locale" content="es_ES" />
<meta property="og:type" content="article" />
<meta property="og:title" content="Política de privacidad - AML Abogados Barcelona - Despacho multidisciplinar en Barcelona" />
<meta property="og:description" content="Los datos recabados a través de los formularios de recogida de datos del sitio web u otras vías serán incorporados a un fichero automatizado de datos de carácter personal del cual es responsable AML Abogados. Esta entidad tratará los datos de forma confidencial y exclusivamente con la finalidad de ofrecer los servicios solicitados, con todas las ... Leer más" />
<meta property="og:url" content="https://amlabogados.com/es/politica-de-privacidad/" />
<meta property="og:site_name" content="AML Abogados Barcelona - Despacho multidisciplinar en Barcelona" />
<meta property="article:modified_time" content="2016-11-21T23:44:54+00:00" />
<meta name="twitter:label1" content="Tiempo de lectura" />
	<meta name="twitter:data1" content="7 minutos" />
<script type="application/ld+json" class="yoast-schema-graph">{"@context":"https://schema.org","@graph":[{"@type":"WebPage","@id":"https://amlabogados.com/es/politica-de-privacidad/","url":"https://amlabogados.com/es/politica-de-privacidad/","name":"Política de privacidad - AML Abogados Barcelona - Despacho multidisciplinar en Barcelona","isPartOf":{"@id":"https://amlabogados.com/es/#website"},"datePublished":"2015-03-03T10:39:34+00:00","dateModified":"2016-11-21T23:44:54+00:00","breadcrumb":{"@id":"https://amlabogados.com/es/politica-de-privacidad/#breadcrumb"},"inLanguage":"es","potentialAction":[{"@type":"ReadAction","target":[["https://amlabogados.com/es/politica-de-privacidad/"]]}]},{"@type":"BreadcrumbList","@id":"https://amlabogados.com/es/politica-de-privacidad/#breadcrumb","itemListElement":[{"@type":"ListItem","position":1,"name":"Portada","item":"https://amlabogados.com/es/"},{"@type":"ListItem","position":2,"name":"Política de privacidad"}]},{"@type":"WebSite","@id":"https://amlabogados.com/es/#website","url":"https://amlabogados.com/es/","name":"AML Abogados Barcelona - Despacho multidisciplinar en Barcelona","description":"Despacho abogados Barcelona","publisher":{"@id":"https://amlabogados.com/es/#organization"},"potentialAction":[{"@type":"SearchAction","target":{"@type":"EntryPoint","urlTemplate":"https://amlabogados.com/es/?s={search_term_string}"},"query-input":{"@type":"PropertyValueSpecification","valueRequired":true,"valueName":"search_term_string"}}],"inLanguage":"es"},{"@type":"Organization","@id":"https://amlabogados.com/es/#organization","name":"AML Abogados Barcelona - Despacho multidisciplinar en Barcelona","url":"https://amlabogados.com/es/","logo":{"@type":"ImageObject","inLanguage":"es","@id":"https://amlabogados.com/es/#/schema/logo/image/","url":"https://amlabogados.com/wp-content/uploads/2017/12/cropped-largo.jpg","contentUrl":"https://amlabogados.com/wp-content/uploads/2017/12/cropped-largo.jpg","width":500,"height":112,"caption":"AML Abogados Barcelona - Despacho multidisciplinar en Barcelona"},"image":{"@id":"https://amlabogados.com/es/#/schema/logo/image/"}}]}</script>
<!-- / Yoast SEO plugin. -->

Política de privacidad - AML Abogados Barcelona - Despacho multidisciplinar en Barcelona

Los datos recabados a través de los formularios de recogida de datos del sitio web u otras vías serán incorporados a un fichero automatizado de datos de carácter personal del cual es responsable AML Abogados. Esta entidad tratará los datos de forma confidencial y exclusivamente con la finalidad de ofrecer los servicios solicitados, con todas las ... Leer más
