{"id":13,"date":"2015-03-02T16:48:36","date_gmt":"2015-03-02T16:48:36","guid":{"rendered":"http:\/\/amlabogados.com\/?page_id=13"},"modified":"2016-11-28T13:16:04","modified_gmt":"2016-11-28T12:16:04","slug":"areas-de-trabajo","status":"publish","type":"page","link":"https:\/\/amlabogados.com\/es\/areas-de-trabajo\/","title":{"rendered":"\u00c1reas de trabajo"},"content":{"rendered":"<p>El equipo est\u00e1 integrado por un equipo multidisciplinar de profesionales que cubren casi todas las \u00e1reas del Derecho, con formaci\u00f3n legal continua, conocimiento de idiomas, y entrega absoluta a nuestros clientes.<\/p>\n<p style=\"padding-left: 30px;\">\u00c1REAS DE TRABAJO:<\/p>\n<ul>\n<li style=\"padding-left: 30px;\"><a href=\"http:\/\/amlabogados.com\/?page_id=100\">Derecho Civil\/Mercantil<\/a><\/li>\n<li style=\"padding-left: 30px;\"><a href=\"http:\/\/amlabogados.com\/?page_id=103\">Derecho Penal<\/a><\/li>\n<li style=\"padding-left: 30px;\"><a href=\"http:\/\/amlabogados.com\/?page_id=111\">Derecho Administrativo<\/a><\/li>\n<li style=\"padding-left: 30px;\"><a href=\"http:\/\/amlabogados.com\/?page_id=108\">Gesti\u00f3n de Comunidades<\/a><\/li>\n<\/ul>\n<p>&nbsp;<\/p>","protected":false},"excerpt":{"rendered":"<p>Realizo un servicio completo de analisis de empresas, desde la gesti\u00f3n de riesgos hasta la organizaci\u00f3n de la producci\u00f3n. Adaptado a sus necesidades.<\/p>\n","protected":false},"author":1,"featured_media":0,"parent":0,"menu_order":0,"comment_status":"closed","ping_status":"closed","template":"","meta":{"footnotes":""},"class_list":["post-13","page","type-page","status-publish"],"yoast_head":"<!-- This site is optimized with the Yoast SEO plugin v26.5 - https:\/\/yoast.com\/wordpress\/plugins\/seo\/ -->\n<title>\u00c1reas legales en Barcelona (Civil, mercantil, penal y administrativo)<\/title>\n<meta name=\"description\" content=\"Entre las \u00e1reas legales de trabajo en la provincia de Barcelona se encuentran el derecho civil, mercantil, penal y administrativo).\" \/>\n<meta name=\"robots\" content=\"index, follow, max-snippet:-1, max-image-preview:large, max-video-preview:-1\" \/>\n<link rel=\"canonical\" href=\"https:\/\/amlabogados.com\/es\/areas-de-trabajo\/\" \/>\n<meta property=\"og:locale\" content=\"es_ES\" \/>\n<meta property=\"og:type\" content=\"article\" \/>\n<meta property=\"og:title\" content=\"\u00c1reas legales en Barcelona (Civil, mercantil, penal y administrativo)\" \/>\n<meta property=\"og:description\" content=\"Entre las \u00e1reas legales de trabajo en la provincia de Barcelona se encuentran el derecho civil, mercantil, penal y administrativo).\" \/>\n<meta property=\"og:url\" content=\"https:\/\/amlabogados.com\/es\/areas-de-trabajo\/\" \/>\n<meta property=\"og:site_name\" content=\"AML Abogados Barcelona - Despacho multidisciplinar en Barcelona\" \/>\n<meta property=\"article:modified_time\" content=\"2016-11-28T12:16:04+00:00\" \/>\n<meta name=\"twitter:label1\" content=\"Tiempo de lectura\" \/>\n\t<meta name=\"twitter:data1\" content=\"1 minuto\" \/>\n<script type=\"application\/ld+json\" class=\"yoast-schema-graph\">{\"@context\":\"https:\/\/schema.org\",\"@graph\":[{\"@type\":\"WebPage\",\"@id\":\"https:\/\/amlabogados.com\/es\/areas-de-trabajo\/\",\"url\":\"https:\/\/amlabogados.com\/es\/areas-de-trabajo\/\",\"name\":\"\u00c1reas legales en Barcelona (Civil, mercantil, penal y administrativo)\",\"isPartOf\":{\"@id\":\"https:\/\/amlabogados.com\/es\/#website\"},\"datePublished\":\"2015-03-02T16:48:36+00:00\",\"dateModified\":\"2016-11-28T12:16:04+00:00\",\"description\":\"Entre las \u00e1reas legales de trabajo en la provincia de Barcelona se encuentran el derecho civil, mercantil, penal y administrativo).\",\"breadcrumb\":{\"@id\":\"https:\/\/amlabogados.com\/es\/areas-de-trabajo\/#breadcrumb\"},\"inLanguage\":\"es\",\"potentialAction\":[{\"@type\":\"ReadAction\",\"target\":[[\"https:\/\/amlabogados.com\/es\/areas-de-trabajo\/\"]]}]},{\"@type\":\"BreadcrumbList\",\"@id\":\"https:\/\/amlabogados.com\/es\/areas-de-trabajo\/#breadcrumb\",\"itemListElement\":[{\"@type\":\"ListItem\",\"position\":1,\"name\":\"Portada\",\"item\":\"https:\/\/amlabogados.com\/es\/\"},{\"@type\":\"ListItem\",\"position\":2,\"name\":\"\u00c1reas de trabajo\"}]},{\"@type\":\"WebSite\",\"@id\":\"https:\/\/amlabogados.com\/es\/#website\",\"url\":\"https:\/\/amlabogados.com\/es\/\",\"name\":\"AML Abogados Barcelona - Despacho multidisciplinar en Barcelona\",\"description\":\"Despacho abogados Barcelona\",\"publisher\":{\"@id\":\"https:\/\/amlabogados.com\/es\/#organization\"},\"potentialAction\":[{\"@type\":\"SearchAction\",\"target\":{\"@type\":\"EntryPoint\",\"urlTemplate\":\"https:\/\/amlabogados.com\/es\/?s={search_term_string}\"},\"query-input\":{\"@type\":\"PropertyValueSpecification\",\"valueRequired\":true,\"valueName\":\"search_term_string\"}}],\"inLanguage\":\"es\"},{\"@type\":\"Organization\",\"@id\":\"https:\/\/amlabogados.com\/es\/#organization\",\"name\":\"AML Abogados Barcelona - Despacho multidisciplinar en Barcelona\",\"url\":\"https:\/\/amlabogados.com\/es\/\",\"logo\":{\"@type\":\"ImageObject\",\"inLanguage\":\"es\",\"@id\":\"https:\/\/amlabogados.com\/es\/#\/schema\/logo\/image\/\",\"url\":\"https:\/\/amlabogados.com\/wp-content\/uploads\/2017\/12\/cropped-largo.jpg\",\"contentUrl\":\"https:\/\/amlabogados.com\/wp-content\/uploads\/2017\/12\/cropped-largo.jpg\",\"width\":500,\"height\":112,\"caption\":\"AML Abogados Barcelona - Despacho multidisciplinar en Barcelona\"},\"image\":{\"@id\":\"https:\/\/amlabogados.com\/es\/#\/schema\/logo\/image\/\"}}]}<\/script>\n<!-- \/ Yoast SEO plugin. -->","yoast_head_json":{"title":"\u00c1reas legales en Barcelona (Civil, mercantil, penal y administrativo)","description":"Entre las \u00e1reas legales de trabajo en la provincia de Barcelona se encuentran el derecho civil, mercantil, penal y administrativo).","robots":{"index":"index","follow":"follow","max-snippet":"max-snippet:-1","max-image-preview":"max-image-preview:large","max-video-preview":"max-video-preview:-1"},"canonical":"https:\/\/amlabogados.com\/es\/areas-de-trabajo\/","og_locale":"es_ES","og_type":"article","og_title":"\u00c1reas legales en Barcelona (Civil, mercantil, penal y administrativo)","og_description":"Entre las \u00e1reas legales de trabajo en la provincia de Barcelona se encuentran el derecho civil, mercantil, penal y administrativo).","og_url":"https:\/\/amlabogados.com\/es\/areas-de-trabajo\/","og_site_name":"AML Abogados Barcelona - Despacho multidisciplinar en Barcelona","article_modified_time":"2016-11-28T12:16:04+00:00","twitter_misc":{"Tiempo de lectura":"1 minuto"},"schema":{"@context":"https:\/\/schema.org","@graph":[{"@type":"WebPage","@id":"https:\/\/amlabogados.com\/es\/areas-de-trabajo\/","url":"https:\/\/amlabogados.com\/es\/areas-de-trabajo\/","name":"\u00c1reas legales en Barcelona (Civil, mercantil, penal y administrativo)","isPartOf":{"@id":"https:\/\/amlabogados.com\/es\/#website"},"datePublished":"2015-03-02T16:48:36+00:00","dateModified":"2016-11-28T12:16:04+00:00","description":"Entre las \u00e1reas legales de trabajo en la provincia de Barcelona se encuentran el derecho civil, mercantil, penal y administrativo).","breadcrumb":{"@id":"https:\/\/amlabogados.com\/es\/areas-de-trabajo\/#breadcrumb"},"inLanguage":"es","potentialAction":[{"@type":"ReadAction","target":[["https:\/\/amlabogados.com\/es\/areas-de-trabajo\/"]]}]},{"@type":"BreadcrumbList","@id":"https:\/\/amlabogados.com\/es\/areas-de-trabajo\/#breadcrumb","itemListElement":[{"@type":"ListItem","position":1,"name":"Portada","item":"https:\/\/amlabogados.com\/es\/"},{"@type":"ListItem","position":2,"name":"\u00c1reas de trabajo"}]},{"@type":"WebSite","@id":"https:\/\/amlabogados.com\/es\/#website","url":"https:\/\/amlabogados.com\/es\/","name":"AML Abogados Barcelona - Despacho multidisciplinar en Barcelona","description":"Despacho abogados Barcelona","publisher":{"@id":"https:\/\/amlabogados.com\/es\/#organization"},"potentialAction":[{"@type":"SearchAction","target":{"@type":"EntryPoint","urlTemplate":"https:\/\/amlabogados.com\/es\/?s={search_term_string}"},"query-input":{"@type":"PropertyValueSpecification","valueRequired":true,"valueName":"search_term_string"}}],"inLanguage":"es"},{"@type":"Organization","@id":"https:\/\/amlabogados.com\/es\/#organization","name":"AML Abogados Barcelona - Despacho multidisciplinar en Barcelona","url":"https:\/\/amlabogados.com\/es\/","logo":{"@type":"ImageObject","inLanguage":"es","@id":"https:\/\/amlabogados.com\/es\/#\/schema\/logo\/image\/","url":"https:\/\/amlabogados.com\/wp-content\/uploads\/2017\/12\/cropped-largo.jpg","contentUrl":"https:\/\/amlabogados.com\/wp-content\/uploads\/2017\/12\/cropped-largo.jpg","width":500,"height":112,"caption":"AML Abogados Barcelona - Despacho multidisciplinar en Barcelona"},"image":{"@id":"https:\/\/amlabogados.com\/es\/#\/schema\/logo\/image\/"}}]}},"_links":{"self":[{"href":"https:\/\/amlabogados.com\/es\/wp-json\/wp\/v2\/pages\/13","targetHints":{"allow":["GET"]}}],"collection":[{"href":"https:\/\/amlabogados.com\/es\/wp-json\/wp\/v2\/pages"}],"about":[{"href":"https:\/\/amlabogados.com\/es\/wp-json\/wp\/v2\/types\/page"}],"author":[{"embeddable":true,"href":"https:\/\/amlabogados.com\/es\/wp-json\/wp\/v2\/users\/1"}],"replies":[{"embeddable":true,"href":"https:\/\/amlabogados.com\/es\/wp-json\/wp\/v2\/comments?post=13"}],"version-history":[{"count":10,"href":"https:\/\/amlabogados.com\/es\/wp-json\/wp\/v2\/pages\/13\/revisions"}],"predecessor-version":[{"id":253,"href":"https:\/\/amlabogados.com\/es\/wp-json\/wp\/v2\/pages\/13\/revisions\/253"}],"wp:attachment":[{"href":"https:\/\/amlabogados.com\/es\/wp-json\/wp\/v2\/media?parent=13"}],"curies":[{"name":"wp","href":"https:\/\/api.w.org\/{rel}","templated":true}]}}

Áreas de trabajo

<p>El equipo está integrado por un equipo multidisciplinar de profesionales que cubren casi todas las áreas del Derecho, con formación legal continua, conocimiento de idiomas, y entrega absoluta a nuestros clientes.</p>
<p style="padding-left: 30px;">ÁREAS DE TRABAJO:</p>
<ul>
<li style="padding-left: 30px;"><a href="http://amlabogados.com/?page_id=100">Derecho Civil/Mercantil</a></li>
<li style="padding-left: 30px;"><a href="http://amlabogados.com/?page_id=103">Derecho Penal</a></li>
<li style="padding-left: 30px;"><a href="http://amlabogados.com/?page_id=111">Derecho Administrativo</a></li>
<li style="padding-left: 30px;"><a href="http://amlabogados.com/?page_id=108">Gestión de Comunidades</a></li>
</ul>
<p>&nbsp;</p>

<p>Realizo un servicio completo de analisis de empresas, desde la gestión de riesgos hasta la organización de la producción. Adaptado a sus necesidades.</p>

<!-- This site is optimized with the Yoast SEO plugin v26.5 - https://yoast.com/wordpress/plugins/seo/ -->
<title>Áreas legales en Barcelona (Civil, mercantil, penal y administrativo)</title>
<meta name="description" content="Entre las áreas legales de trabajo en la provincia de Barcelona se encuentran el derecho civil, mercantil, penal y administrativo)." />
<meta name="robots" content="index, follow, max-snippet:-1, max-image-preview:large, max-video-preview:-1" />
<link rel="canonical" href="https://amlabogados.com/es/areas-de-trabajo/" />
<meta property="og:locale" content="es_ES" />
<meta property="og:type" content="article" />
<meta property="og:title" content="Áreas legales en Barcelona (Civil, mercantil, penal y administrativo)" />
<meta property="og:description" content="Entre las áreas legales de trabajo en la provincia de Barcelona se encuentran el derecho civil, mercantil, penal y administrativo)." />
<meta property="og:url" content="https://amlabogados.com/es/areas-de-trabajo/" />
<meta property="og:site_name" content="AML Abogados Barcelona - Despacho multidisciplinar en Barcelona" />
<meta property="article:modified_time" content="2016-11-28T12:16:04+00:00" />
<meta name="twitter:label1" content="Tiempo de lectura" />
	<meta name="twitter:data1" content="1 minuto" />
<script type="application/ld+json" class="yoast-schema-graph">{"@context":"https://schema.org","@graph":[{"@type":"WebPage","@id":"https://amlabogados.com/es/areas-de-trabajo/","url":"https://amlabogados.com/es/areas-de-trabajo/","name":"Áreas legales en Barcelona (Civil, mercantil, penal y administrativo)","isPartOf":{"@id":"https://amlabogados.com/es/#website"},"datePublished":"2015-03-02T16:48:36+00:00","dateModified":"2016-11-28T12:16:04+00:00","description":"Entre las áreas legales de trabajo en la provincia de Barcelona se encuentran el derecho civil, mercantil, penal y administrativo).","breadcrumb":{"@id":"https://amlabogados.com/es/areas-de-trabajo/#breadcrumb"},"inLanguage":"es","potentialAction":[{"@type":"ReadAction","target":[["https://amlabogados.com/es/areas-de-trabajo/"]]}]},{"@type":"BreadcrumbList","@id":"https://amlabogados.com/es/areas-de-trabajo/#breadcrumb","itemListElement":[{"@type":"ListItem","position":1,"name":"Portada","item":"https://amlabogados.com/es/"},{"@type":"ListItem","position":2,"name":"Áreas de trabajo"}]},{"@type":"WebSite","@id":"https://amlabogados.com/es/#website","url":"https://amlabogados.com/es/","name":"AML Abogados Barcelona - Despacho multidisciplinar en Barcelona","description":"Despacho abogados Barcelona","publisher":{"@id":"https://amlabogados.com/es/#organization"},"potentialAction":[{"@type":"SearchAction","target":{"@type":"EntryPoint","urlTemplate":"https://amlabogados.com/es/?s={search_term_string}"},"query-input":{"@type":"PropertyValueSpecification","valueRequired":true,"valueName":"search_term_string"}}],"inLanguage":"es"},{"@type":"Organization","@id":"https://amlabogados.com/es/#organization","name":"AML Abogados Barcelona - Despacho multidisciplinar en Barcelona","url":"https://amlabogados.com/es/","logo":{"@type":"ImageObject","inLanguage":"es","@id":"https://amlabogados.com/es/#/schema/logo/image/","url":"https://amlabogados.com/wp-content/uploads/2017/12/cropped-largo.jpg","contentUrl":"https://amlabogados.com/wp-content/uploads/2017/12/cropped-largo.jpg","width":500,"height":112,"caption":"AML Abogados Barcelona - Despacho multidisciplinar en Barcelona"},"image":{"@id":"https://amlabogados.com/es/#/schema/logo/image/"}}]}</script>
<!-- / Yoast SEO plugin. -->

Áreas legales en Barcelona (Civil, mercantil, penal y administrativo)

Entre las áreas legales de trabajo en la provincia de Barcelona se encuentran el derecho civil, mercantil, penal y administrativo).
